.
2, 5, 47
Let r = 199 + -199. Suppose 9*w - 590 - 382 = r. What are the prime factors of w?
2, 3
Let d(n) = n**2 - 9*n - 29. Let s be d(-8). Let c = s - -91. What are the prime factors of c?
2, 3, 11
Suppose -18*f + 15*f = 4*t, 4*f - 2*t - 22 = 0. Suppose 3*i - 1439 = -2*g - 370, -f*g = 3*i - 1061. What are the prime factors of i?
359
Let z = 139 - -119. Suppose 0 = o + 9 - 13. Suppose o*p - 154 - 165 = w, 3*w = -3*p + z. What are the prime factors of p?
3
List the prime factors of 3/(170456/34089 + 10/(-2)).
3, 1033
Let t(c) = 6*c - 18. Let o be t(1). Let s(d) = 4*d**2 + 17*d + 63. What are the prime factors of s(o)?
3, 5, 29
Suppose 3*l - 13*l + 1620 = 0. Suppose -2*g - l = -5*q + 445, 0 = -5*q + 5*g + 595. List the prime factors of q.
3, 41
Let z = 37810 - 9405. List the prime factors of z.
5, 13, 19, 23
Let l be ((-1)/(-1))/(3 - 2)*2. Suppose -u + 54 = l*b, -24*u = -22*u - b - 98. What are the prime factors of u?
2, 5
Suppose 45 = 20*g - 19*g. Let a = 85 - g. Let p = a - 34. What are the prime factors of p?
2, 3
Suppose 20*k - 68 = 24*k. What are the prime factors of (1 + (-7)/((-21)/(-6)))*k?
17
Let b = -29755 - -45067. What are the prime factors of b?
2, 3, 11, 29
Suppose 0 = 273*l - 266*l. Suppose l = -11*r + 2381 - 885. What are the prime factors of r?
2, 17
Let h = -2773 + 11538. What are the prime factors of h?
5, 1753
Let g be (3 + -7)*(-290)/8. Let a = -978 - -1208. Let o = a - g. List the prime factors of o.
5, 17
What are the prime factors of (-22 + -5076)/((18/4)/(-9))?
2, 2549
Let j(z) = 3*z**2 - 9*z - 12. Let v be j(-2). Let s(o) = 35*o - 46. What are the prime factors of s(v)?
2, 73
Let f be ((-68)/(-187))/((-4)/(-22)). Let v = 5 + -3. Suppose j + f*j + 5*l - 652 = 0, 440 = v*j - 2*l. What are the prime factors of j?
3, 73
Let d be 1*17*(1 - 2). Suppose -81 = -16*c + 591. Let f = c + d. What are the prime factors of f?
5
What are the prime factors of 168/(-210) - 33429/(-5)?
5, 7, 191
Suppose 19*i + 204410 = 23*i - 2*d, -3*d - 9 = 0. What are the prime factors of i?
137, 373
Let m(d) = -d - 9. Let v be m(-11). Let k be (-21 - -4)*-26*v. List the prime factors of 33/55 + k/10.
89
Suppose -3*c + 20 = 8. Suppose 2*n - 460 = -4*k, -c*k - 240 = -n - 8*k. List the prime factors of n.
2, 5, 11
Suppose -3*g = -2*g - 41. Let x = -35 + g. Let j(f) = f**3 - 3*f**2 - 5*f + 1. What are the prime factors of j(x)?
79
Let d(n) be the third derivative of -n**6/120 + 2*n**5/15 - n**4/2 - 7*n**3/6 - 5*n**2. Let w be d(6). List the prime factors of 3/(-9) - ((-5488)/(-12))/w.
5, 13
Suppose -7 - 17 = 24*t. List the prime factors of (58/4)/(t/(-34)).
17, 29
Suppose -5*w - 17 = -3*i, 0*w + 5*w + 25 = -5*i. Let t(v) = -v**3 + 2*v**2 - 1. Let z be t(i). What are the prime factors of 17 + -17 - -34*z/2?
2, 17
Suppose 0 = -16*a + 15*a + 5*y + 31039, 3*a = -2*y + 93253. List the prime factors of a.
31079
Let f(o) = o**3 + o**2 - 12*o + 6. Let v be f(-4). Suppose 2*k = 3*u + 13, -2 = -k - 3*u + v*u. List the prime factors of (k - 5)*(33/6 - 3).
3, 5
Let m = -34 + 61. Suppose 2*b = -7*b - m. What are the prime factors of (228/(-9))/(1/b)?
2, 19
Suppose 0 = -2*p + 162 - 122. Suppose 22*m = 2*m - p. What are the prime factors of 3/m - (887 + -5)/(-6)?
2, 3
Suppose -80*o + 333503 = -146177. List the prime factors of o.
2, 1499
Let b be (70/42)/(2/18). Let s = 17 - b. Suppose -z + 186 = s*z. List the prime factors of z.
2, 31
Let x = -275 + 275. Suppose 0 = 2*g, x*v - v + 2*g + 118 = 0. List the prime factors of v.
2, 59
Let w(c) = -40*c**2 + 61*c + 16. Let s(i) = -37*i**2 + 60*i + 15. Let n(j) = -6*s(j) + 5*w(j). List the prime factors of n(8).
2, 479
Let h(c) = -26*c + 25. Let k(f) = 77*f - 74. Let p(j) = 14*h(j) + 4*k(j). Let b be p(-11). Suppose -6*v + b = -v. What are the prime factors of v?
2, 67
Let w be (-190)/(-57) - (-2)/3. Let g(v) = 8*v - w + 6 - 2 - 2. List the prime factors of g(2).
2, 7
Let m(q) = -594*q - 1953. What are the prime factors of m(-44)?
3, 2687
Suppose -3*k + 93 = o, 0 = -5*k + o + 69 + 78. Suppose 0 = 21*t - k*t + 5409. What are the prime factors of t?
601
Let l(f) = -2*f - 12. Let z(j) = 1. Let d(n) = 3*l(n) + 30*z(n). Let m be d(-7). Let x = m + -29. List the prime factors of x.
7
Suppose 268*b = -472552 + 16823814 - 1179514. What are the prime factors of b?
56611
Suppose 11*x - 3*n - 168325 = 6*x, 4*x - 134638 = -2*n. What are the prime factors of x?
2, 16831
Suppose i - 5*u - 4917 = 0, -13*i + 9*i + 19507 = 3*u. List the prime factors of i.
2, 2441
Let j(p) be the first derivative of -2*p**2 + 35*p + 290. Suppose 3*o = 5*o - 10. List the prime factors of j(o).
3, 5
What are the prime factors of (((-7624)/10)/1)/(-24 + (-59960)/(-2500))?
2, 5, 953
Let p(c) = -c**3 + 21*c**2 + 71*c + 15. Let g be p(24). List the prime factors of (-138216)/234*g/4.
3, 443
Let j(i) be the third derivative of -i**5/60 + 19*i**4/24 - 3*i**3 + 244*i**2 - 16*i. Let s = 20 - 12. List the prime factors of j(s).
2, 5, 7
Suppose 12561 - 38104 = -19*f + 20722. What are the prime factors of f?
5, 487
Suppose -5*f = 4*x - 30199, -11*x + 37765 = -6*x + 3*f. What are the prime factors of ((-2)/(-4) - x/(-8)) + 2?
947
Let x = 366 - 330. Suppose -31*f - 5755 = -x*f. What are the prime factors of f?
1151
Let p = 28 - 251. Let d = p + 1890. List the prime factors of d.
1667
Let q(z) = 15*z - 48. Let j be (-1)/(8/42 - 12/36). List the prime factors of q(j).
3, 19
Let b = -40 + 46. Suppose 9*w = b*w + 1260. What are the prime factors of w?
2, 3, 5, 7
Let k(t) = t - 27. Let j be k(23). List the prime factors of -4 + (610 - j) - 7.
3, 67
Let l(s) = s. Let a be l(2). Let z(f) be the second derivative of 13*f**5/10 - f**4/12 - 2*f**3/3 + 5*f**2/2 - 19*f + 5. List the prime factors of z(a).
3, 67
Suppose -8020*i + 8004*i + 143728 = 0. List the prime factors of i.
13, 691
Let x be 28/42 - 93/(-9). Let k(c) = 18*c - 151. List the prime factors of k(x).
47
Let s(a) = a**3 + 19*a**2 + 17*a - 12. Let f be s(-18). Suppose 3524 = f*m - 274. What are the prime factors of m?
3, 211
What are the prime factors of 8678 + 1 - (22 + -21)/(2/6)?
2, 3, 241
Let d be (12*140/(-50))/((-3)/(-10)). Let u = 556 + d. List the prime factors of u.
2, 3, 37
Let l(i) = 147*i**2 - 17*i + 19. Let z(j) = -j**2 + j - 2. Let m(u) = l(u) + 5*z(u). What are the prime factors of m(2)?
7, 79
Let s(o) = 177*o - 80. Suppose 23*g - 2*h + 47 = 28*g, 0 = -3*g + 3*h + 24. What are the prime factors of s(g)?
17, 89
Let u(x) = x - 15. Let z be u(15). Suppose 11*n - 15*n + 136 = z. Let g = -16 + n. What are the prime factors of g?
2, 3
Suppose -4*i + 20722 = -b - 70897, 0 = -3*i - 2*b + 68706. List the prime factors of i.
2, 7, 409
Suppose -4*d - 2*s = d - 10, -4*d - 5*s = -25. Suppose d = 68*j - 86*j + 12150. What are the prime factors of j?
3, 5
List the prime factors of 1527 + (6 - 7 - -16).
2, 3, 257
Suppose -4*o + 3*o + 302 = t, 910 = 3*t + 5*o. Suppose 3*w = 204 + t. List the prime factors of w.
2, 3, 7
Suppose 2285 = -4*r + 5*r. Suppose -r + 6049 = 4*t. What are the prime factors of t?
941
What are the prime factors of 2/8 - (0 - 125433/44)?
2851
Let m(r) = 39*r**3 - 5*r**2 + 13*r - 38. List the prime factors of m(3).
1009
Let o(f) = -4*f**2 + 82*f + 47. Let j be o(21). Suppose 5*v - 4747 = -3*n, 3*v + j*n - 2845 = 4*n. What are the prime factors of v?
947
Let c = -5 + 5. Let f be 380/(-30)*30/(-4). Suppose 5*v - 10*s + 5*s - f = c, 5*v + 3*s = 95. What are the prime factors of v?
19
Let v be (6/12)/(3/180). Let n be (54/v)/(1/5). Suppose 2*b + 910 = n*b. List the prime factors of b.
2, 5, 13
Let m(y) = -14*y - 14. Let g be m(-1). Suppose g*h - q + 5380 = 3*h, h + 3*q - 1804 = 0. List the prime factors of h.
2, 7
Let g = 91 - 88. Let l be 3/(-9) + 1/g. Suppose -x - c + 83 = l, -5*x + 280 = -4*c - 180. What are the prime factors of x?
2, 11
Suppose 0 = -3*g + 294*r - 290*r + 144474, 0 = -2*g + r + 96311. What are the prime factors of g?
2, 24077
Suppose 2*f + 55 - 185 = 0. Let c be (-4)/(-22) - (-159)/33. Let s = f - c. What are the prime factors of s?
2, 3, 5
Suppose 41*g - 62915 = -384355. List the prime factors of g/(-6) - 141/(-423).
1307
Let x = -2790 - -3476. What are the prime factors of x?
2, 7
Let f be (1*-3)/(33/(-20537)). Suppose 0 = -5*g + 5*y + 3000, -534 = -4*g + 5*y + f. What are the prim